{"id":700,"date":"2015-12-08T12:31:03","date_gmt":"2015-12-08T20:31:03","guid":{"rendered":"http:\/\/goodbyegraffiti.com\/french\/?page_id=700"},"modified":"2015-12-14T12:36:16","modified_gmt":"2015-12-14T20:36:16","slug":"environmental","status":"publish","type":"page","link":"https:\/\/goodbyegraffiti.com\/french\/environmental\/","title":{"rendered":"Environnement"},"content":{"rendered":"<article  class='iconbox iconbox_top av-av_icon_box-26c301903f9a401a72e8b02d7577cdc8  avia-builder-el-0  el_before_av_textblock  avia-builder-el-first  main_color'  itemscope=\"itemscope\" itemtype=\"https:\/\/schema.org\/CreativeWork\" ><div class=\"iconbox_content\"><header class=\"entry-content-header\"><div class=\"iconbox_icon heading-color\" aria-hidden='true' data-av_icon='\ue8b8' data-av_iconfont='entypo-fontello'><\/div><h3 class='iconbox_content_title '  itemprop=\"headline\" >Durabilite environnementale<\/h3><\/header><div class='iconbox_content_container '  itemprop=\"text\" ><\/div><\/div><footer class=\"entry-footer\"><\/footer><\/article>\n<section  class='av_textblock_section av-av_textblock-0366cc7376be6c9e82a3e9cc8987b64f '   itemscope=\"itemscope\" itemtype=\"https:\/\/schema.org\/CreativeWork\" ><div class='avia_textblock'  itemprop=\"text\" ><p> <span style=\"font-size: 12pt;\"><strong>Durabilit\u00e9 environnementale<\/strong><\/span><\/p>\n<p><span style=\"font-size: 12pt;\">Goodbye Graffiti\u2122 est fier de placer la durabilit\u00e9 environnementale au c\u0153ur de ses activit\u00e9s.<\/span><\/p>\n<p><span style=\"font-size: 12pt;\"><strong>GraffLinx\u2122<\/strong><\/span><\/p>\n<p><span style=\"font-size: 12pt;\">Notre nouveau produit comprend un logiciel de gestion de flotte \u00e0 la pointe de la technologie qui permet d\u2019acc\u00e9der \u00e0 notre flotte de v\u00e9hicules en temps r\u00e9el. Ce logiciel a pour but de minimiser les co\u00fbts d\u2019op\u00e9ration tout en augmentant la productivit\u00e9 et en pr\u00e9servant l\u2019environnement. GraffLinx\u2122 nous a permis de r\u00e9duire notre consommation de carburant gr\u00e2ce \u00e0 une gestion des itin\u00e9raires.<\/span><\/p>\n<p><span style=\"font-size: 12pt;\"><strong>Formation de technicien d\u2019enl\u00e8vement de graffitis<\/strong><\/span><\/p>\n<p><span style=\"font-size: 12pt;\">Afin de r\u00e9duire les gaz \u00e0 effet de serre associ\u00e9s \u00e0 l\u2019utilisation de nos \u00e9quipements, Goodbye Graffiti\u2122 a mis en place un programme de formation complet pour tous les techniciens en graffiti, au sein duquel des r\u00e9gulations sont pr\u00e9sent\u00e9es et enseign\u00e9es par notre chef de formation. Voici quelques un des sujets trait\u00e9s : span&gt;<br \/> <\/span><\/p>\n<ul>\n<ul>\n<ul>\n<li><span style=\"font-size: 12pt;\">Nettoyer au lieu de peindre<\/span><\/li>\n<\/ul>\n<\/ul>\n<\/ul>\n<p><span style=\"font-size: 12pt;\"><br \/> <\/span><\/p>\n<ul>\n<ul>\n<ul>\n<li><span style=\"font-size: 12pt;\">Le programme Ever-Clean<\/span><\/li>\n<\/ul>\n<\/ul>\n<\/ul>\n<p><span style=\"font-size: 12pt;\"><br \/> <\/span><\/p>\n<ul>\n<ul>\n<ul>\n<li><span style=\"font-size: 12pt;\">Les produits efficaces<\/span><\/li>\n<\/ul>\n<\/ul>\n<\/ul>\n<p><span style=\"font-size: 12pt;\"><br \/> <\/span><\/p>\n<ul>\n<ul>\n<ul>\n<li><span style=\"font-size: 12pt;\">Gestion de l\u2019eau<\/span><\/li>\n<\/ul>\n<\/ul>\n<\/ul>\n<p><span style=\"font-size: 12pt;\"><br \/> <\/span><\/p>\n<ul>\n<ul>\n<ul>\n<li><span style=\"font-size: 12pt;\">\u00c9limination des torchons et des contenants<\/span><\/li>\n<\/ul>\n<\/ul>\n<\/ul>\n<p><span style=\"font-size: 12pt;\"><br \/> <\/span><\/p>\n<ul>\n<ul>\n<ul>\n<li><span style=\"font-size: 12pt;\">\u00c9limination des produits chimiques<\/span><\/li>\n<\/ul>\n<\/ul>\n<\/ul>\n<p><span style=\"font-size: 12pt;\"><br \/> <\/span><\/p>\n<ul>\n<ul>\n<ul>\n<li><span style=\"font-size: 12pt;\">Programme de recyclage<\/span><\/li>\n<\/ul>\n<\/ul>\n<\/ul>\n<p><span style=\"font-size: 12pt;\"><br \/> <strong>War Wagons et collecte des eaux usag\u00e9es<\/strong><\/span><\/p>\n<p><span style=\"font-size: 12pt;\">Pour aider \u00e0 l\u2019enl\u00e8vement de graffitis, avons mis au point des v\u00e9hicules War Wagon\u2122 qui utilisent notre technologie int\u00e9gr\u00e9e innovante de collecte des eaux usag\u00e9es sans impact sur l\u2019environnement. Goodbye Graffiti\u2122 r\u00e9cup\u00e8re les eaux usag\u00e9es apr\u00e8s chaque intervention et en dispose en s\u2019assurant que leur traitement soit en ligne avec les r\u00e8glements locaux.<\/span><\/p>\n<p><span style=\"font-size: 12pt;\"><strong>V\u00e9hicules de service \u00e0 faible impact<\/strong><\/span><\/p>\n<p><span style=\"font-size: 12pt;\">Les secteurs d\u2019activit\u00e9 de Goodbye Graffiti\u2122 utilisent des v\u00e9hicule de vente, de patrouille et d\u2019intervention l\u00e9g\u00e8re \u00e0 faible impact sur l\u2019environnement. Tous les jours, la majorit\u00e9 des services que nous rendons est effectu\u00e9e par des techniciens certifi\u00e9s qui se d\u00e9placent \u00e0 pied, \u00e0 v\u00e9lo ou en mobylette.<\/span> <\/p>\n<\/div><\/section>\n<div  class='av_promobox av-av_promobox-c3508b0ef8b4bfd7b9ff3db4a8b56e72 avia-button-yes  avia-builder-el-2  el_after_av_textblock  avia-builder-el-last '><div class='avia-promocontent'><p> <span style=\"font-size: 12pt;\">For any further information on Goodbye Graffiti\u2019s Environmental Sustainability Practices please contact our Customer Care Center at:<\/span><\/p>\n<p><span style=\"font-size: 12pt;\">877- 684-4747 <\/span><\/p>\n<p><span style=\"font-size: 12pt;\">customercarecentre@goodbyegraffiti.com<\/span><\/p>\n<\/div><div  class='avia-button-wrap av-av_button-c3f6480f6aef3d0977f6468cf92e312c-wrap avia-button-right '><a href=''  class='avia-button av-av_button-c3f6480f6aef3d0977f6468cf92e312c avia-icon_select-no avia-size-large avia-position-right avia-color-theme-color'  ><span class='avia_iconbox_title' >Contact Us<\/span><\/a><\/div><\/div>\n","protected":false},"excerpt":{"rendered":"","protected":false},"author":1,"featured_media":0,"parent":0,"menu_order":0,"comment_status":"closed","ping_status":"closed","template":"","meta":[],"_links":{"self":[{"href":"https:\/\/goodbyegraffiti.com\/french\/wp-json\/wp\/v2\/pages\/700"}],"collection":[{"href":"https:\/\/goodbyegraffiti.com\/french\/wp-json\/wp\/v2\/pages"}],"about":[{"href":"https:\/\/goodbyegraffiti.com\/french\/wp-json\/wp\/v2\/types\/page"}],"author":[{"embeddable":true,"href":"https:\/\/goodbyegraffiti.com\/french\/wp-json\/wp\/v2\/users\/1"}],"replies":[{"embeddable":true,"href":"https:\/\/goodbyegraffiti.com\/french\/wp-json\/wp\/v2\/comments?post=700"}],"version-history":[{"count":5,"href":"https:\/\/goodbyegraffiti.com\/french\/wp-json\/wp\/v2\/pages\/700\/revisions"}],"predecessor-version":[{"id":787,"href":"https:\/\/goodbyegraffiti.com\/french\/wp-json\/wp\/v2\/pages\/700\/revisions\/787"}],"wp:attachment":[{"href":"https:\/\/goodbyegraffiti.com\/french\/wp-json\/wp\/v2\/media?parent=700"}],"curies":[{"name":"wp","href":"https:\/\/api.w.org\/{rel}","templated":true}]}}