{"id":704,"date":"2015-12-08T12:33:35","date_gmt":"2015-12-08T20:33:35","guid":{"rendered":"http:\/\/goodbyegraffiti.com\/french\/?page_id=704"},"modified":"2015-12-14T12:36:37","modified_gmt":"2015-12-14T20:36:37","slug":"graffiti-removal","status":"publish","type":"page","link":"https:\/\/goodbyegraffiti.com\/french\/graffiti-removal\/","title":{"rendered":"Enl\u00e8vement de graffiti"},"content":{"rendered":"<article  class='iconbox iconbox_top av-av_icon_box-fe33c81e99cb3392d8ed49e070b67204  avia-builder-el-0  el_before_av_hr  avia-builder-el-first  main_color'  itemscope=\"itemscope\" itemtype=\"https:\/\/schema.org\/CreativeWork\" ><div class=\"iconbox_content\"><header class=\"entry-content-header\"><div class=\"iconbox_icon heading-color\" aria-hidden='true' data-av_icon='\ue8cc' data-av_iconfont='entypo-fontello'><\/div><h3 class='iconbox_content_title '  itemprop=\"headline\" >Enlevement de graffitis<\/h3><\/header><div class='iconbox_content_container '  itemprop=\"text\" ><\/div><\/div><footer class=\"entry-footer\"><\/footer><\/article>\n\n<style type=\"text\/css\" data-created_by=\"avia_inline_auto\" id=\"style-css-av-av_hr-2cbb168f430c2703d7334a37c20dcc76\">\n#top .hr.hr-invisible.av-av_hr-2cbb168f430c2703d7334a37c20dcc76{\nheight:100px;\n}\n<\/style>\n<div  class='hr av-av_hr-2cbb168f430c2703d7334a37c20dcc76 hr-invisible  avia-builder-el-1  el_after_av_icon_box  el_before_av_one_full '><span class='hr-inner '><span class=\"hr-inner-style\"><\/span><\/span><\/div>\n<div  class='flex_column av-av_one_full-2a9015ff38129c418a3f2eafba3e9512 av_one_full  avia-builder-el-2  el_after_av_hr  el_before_av_layout_row  avia-builder-el-last  first flex_column_div  '     ><p> <div  class=\"avia-animated-number av-av_animated_numbers-4b1e0e13478fe991b4ca2eecc254f074 av-force-default-color avia_animate_when_visible  avia-builder-el-3  el_before_av_textblock  avia-builder-el-first  \" data-timer=\"3000\"><strong class=\"heading avia-animated-number-title\"><span class=\"avia-single-number __av-single-number\" data-number_format=\"\" data-number=\"9\" data-start_from=\"0\">9<\/span><span class=\"avia-no-number\"> <\/span><span class=\"avia-single-number __av-single-number\" data-number_format=\"\" data-number=\"572\" data-start_from=\"0\">572<\/span><span class=\"avia-no-number\"> <\/span><span class=\"avia-single-number __av-single-number\" data-number_format=\"\" data-number=\"727\" data-start_from=\"0\">727<\/span><\/strong><div class=\"avia-animated-number-content\"><p> Graffitis effac\u00e9s depuis 1997. <\/p>\n<\/div><\/div><br \/>\n<section  class='av_textblock_section av-av_textblock-0366cc7376be6c9e82a3e9cc8987b64f '   itemscope=\"itemscope\" itemtype=\"https:\/\/schema.org\/CreativeWork\" ><div class='avia_textblock'  itemprop=\"text\" ><p> <span style=\"font-size: 12pt;\"><div  class='hr av-av_hr-bad5bc90bcef2f12297bff634a297b07 hr-short  avia-builder-el-5  avia-builder-el-no-sibling  hr-center'><span class='hr-inner '><span class=\"hr-inner-style\"><\/span><\/span><\/div><\/span><\/p>\n<p><span style=\"font-size: 12pt;\"><span class='av_dropcap2 av-av_dropcap2-bd3e2e98007e8df5c1bbaff1392a902e'>N<\/span>ous sommes les experts de l\u2019enl\u00e8vement de graffitis, peu importe le type de surface et la zone concern\u00e9e. Goodbye Graffiti\u2122 Inc. a cr\u00e9\u00e9 une ligne de produits exclusifs qui permettent d\u2019effacer tous les types de graffitis de n\u2019importe quel support. En plus des produits d\u2019effa\u00e7age des graffitis, notre ligne de produits comprend un rev\u00eatement anti-graffiti qui prot\u00e8ge les supports qui ont \u00e9t\u00e9 endommag\u00e9s, et n\u2019a aucun impact sur l\u2019environnement. En 2002, nous avons d\u00e9velopp\u00e9 et commercialis\u00e9 un syst\u00e8me de r\u00e9paration des vitres vandalis\u00e9es par des rayures ou des gravures, incidents malheureusement de plus en plus r\u00e9currents.<\/span><\/p>\n<p><span style=\"font-size: 12pt;\">En 2014, nous avons ajout\u00e9 Graff-Wraps\u2122 \u00e0 notre gamme de produits. GraffWrap\u2122 est un produit d\u2019enveloppement pour \u00e9quipement urbain qui cr\u00e9e une protection en vinyle de force majeure, embellissant imm\u00e9diatement la zone concern\u00e9e. \u00a0Cet ajout a compl\u00e9t\u00e9 notre gamme de produits et permet \u00e0 Goodbye Graffiti\u2122 \u00a0de disposer de l\u2019arsenal anti-graffiti le plus diversifi\u00e9 au monde.<\/span> <\/p>\n<\/div><\/section> <\/p><\/div>\n<\/div><\/div><\/div><!-- close content main div --><\/div><\/div><div id='av-layout-grid-1'  class='av-layout-grid-container av-av_layout_row-caf1f26e08707a2ebe9176b630e736c2 entry-content-wrapper main_color av-flex-cells  avia-builder-el-6  el_after_av_one_full  el_before_av_layout_row  grid-row-not-first  container_wrap fullsize'  >\n\n<style type=\"text\/css\" data-created_by=\"avia_inline_auto\" id=\"style-css-av-av_cell_one_half-5227a743201b625eadc00b27db60eab9\">\n.flex_cell.av-av_cell_one_half-5227a743201b625eadc00b27db60eab9{\nvertical-align:top;\n}\n.responsive #top #wrap_all .flex_cell.av-av_cell_one_half-5227a743201b625eadc00b27db60eab9{\npadding:30px 30px 30px 30px !important;\n}\n<\/style>\n<div class='flex_cell av-av_cell_one_half-5227a743201b625eadc00b27db60eab9 av-gridrow-cell av_one_half no_margin  avia-builder-el-7  el_before_av_cell_one_half  avia-builder-el-first '  ><div class='flex_cell_inner'><section  class='av_textblock_section av-av_textblock-0366cc7376be6c9e82a3e9cc8987b64f '   itemscope=\"itemscope\" itemtype=\"https:\/\/schema.org\/CreativeWork\" ><div class='avia_textblock'  itemprop=\"text\" ><h2><span style=\"font-size: 12pt;\"><strong>M\u00e9thode<\/strong><\/span><\/h2>\n<p><span style=\"font-size: 12pt;\">Tous nos techniciens sont certifi\u00e9s et ont suivi un programme de formation intense sur plusieurs semaines. Ils obtiennent leur certificat une fois avoir re\u00e7u plus de 90% \u00e0 leur examen final, et ont enfin la capacit\u00e9 de man\u0153uvrer les War Wagons\u2122 et de nettoyer plus de 75 sortes de marqueurs diff\u00e9rents sur plus de 50 types de surfaces.<\/span><\/p>\n<p><span style=\"font-size: 12pt;\">Nous assurons un nettoyage \u00e0 100% dans 100% des cas, et z\u00e9ro d\u00e9g\u00e2t caus\u00e9 au support. Gr\u00e2ce \u00e0 notre exp\u00e9rience consid\u00e9rable, nous r\u00e9ussissons toujours du premier coup.<\/span><\/p>\n<p><span style=\"font-size: 12pt;\">Apr\u00e8s plus de 15 ans et 9 million de nettoyages de graffitis, nous avons d\u00e9velopp\u00e9 un syst\u00e8me complexe qui est peu cher, rapide, efficace, non-destructif et \u00e9cologiquement durable.<\/span><\/p>\n<p><span style=\"font-size: 12pt;\">Goodbye Graffiti\u2122 a cr\u00e9\u00e9 ses propres camions de nettoyage (War Wagons\u2122), des produits anti-graffiti, un syst\u00e8me de management des graffitis (ClickOff\u2122) et \u00a0un syst\u00e8me de management de notre flotte (GraffLinx\u2122). Cet ensemble permet d\u2019offrir \u00e0 la communaut\u00e9 un service d\u2019enl\u00e8vement de graffitis qui soit professionnel, \u00e0 prix raisonnable, \u00e0 la pointe de la technologie et respectueux de l\u2019environnement.<\/span> <\/p>\n<\/div><\/section>\n<\/div><\/div>\n<style type=\"text\/css\" data-created_by=\"avia_inline_auto\" id=\"style-css-av-av_cell_one_half-5227a743201b625eadc00b27db60eab9\">\n.flex_cell.av-av_cell_one_half-5227a743201b625eadc00b27db60eab9{\nvertical-align:top;\n}\n.responsive #top #wrap_all .flex_cell.av-av_cell_one_half-5227a743201b625eadc00b27db60eab9{\npadding:30px 30px 30px 30px !important;\n}\n<\/style>\n<div class='flex_cell av-av_cell_one_half-5227a743201b625eadc00b27db60eab9 av-gridrow-cell av_one_half no_margin  avia-builder-el-9  el_after_av_cell_one_half  avia-builder-el-last '  ><div class='flex_cell_inner'><section  class='av_textblock_section av-av_textblock-0366cc7376be6c9e82a3e9cc8987b64f '   itemscope=\"itemscope\" itemtype=\"https:\/\/schema.org\/CreativeWork\" ><div class='avia_textblock'  itemprop=\"text\" ><h2><span style=\"font-size: 12pt;\"><strong>Guide de nettoyage acc\u00e9l\u00e9r\u00e9<\/strong><\/span><\/h2>\n<p><span style=\"font-size: 12pt;\">Peinture a\u00e9rosol \u2013 suite \u00e0 un test d\u2019essai rapide, notre Technicien en graffiti appliquera un de nos 15 produits exclusifs sur la zone, et nettoiera le graffiti en douceur.<\/span><\/p>\n<p><span style=\"font-size: 12pt;\">Tag au marqueur \u2013 apr\u00e8s avoir identifi\u00e9 le type de marqueur, le Technicien en graffiti appliquera une lingette imbib\u00e9e d\u2019un des produits de nettoyage. Cette gamme de produits \u00e9cologiques en spray et en lingettes peut s\u2019attaquer \u00e0 tous les types de peintures et de marqueurs.<\/span><\/p>\n<p><span style=\"font-size: 12pt;\">Autocollants \u2013 une lame sp\u00e9ciale est utilis\u00e9e pour l\u2019enl\u00e8vement des autocollants. Un dissolvant antiadh\u00e9sif est ensuite appliqu\u00e9 sur la zone.<\/span><\/p>\n<p><span style=\"font-size: 12pt;\">Restauration de peinture \u2013 cela n\u00e9cessite une pr\u00e9paration de la surface, un camouflage des d\u00e9g\u00e2ts et une nouvelle application de peinture faite \u00e0 la main. Toutes les couleurs sont disponibles en a\u00e9rosols pour les petites retouches n\u00e9cessaires. Une restauration compl\u00e8te sera effectu\u00e9e en cas de d\u00e9g\u00e2ts importants.<\/span><\/p>\n<p><span style=\"font-size: 12pt;\">Posters \u2013 ils sont retir\u00e9s gr\u00e2ce \u00e0 une technique non-abrasive et sont r\u00e9cup\u00e9r\u00e9s pour \u00eatre d\u00e9truits.<\/span> <\/p>\n<\/div><\/section>\n<\/div><\/div><\/div><div id='av-layout-grid-2'  class='av-layout-grid-container av-av_layout_row-caf1f26e08707a2ebe9176b630e736c2 entry-content-wrapper main_color av-flex-cells  avia-builder-el-11  el_after_av_layout_row  el_before_av_textblock  grid-row-not-first  container_wrap fullsize'  >\n\n<style type=\"text\/css\" data-created_by=\"avia_inline_auto\" id=\"style-css-av-av_cell_one_half-5227a743201b625eadc00b27db60eab9\">\n.flex_cell.av-av_cell_one_half-5227a743201b625eadc00b27db60eab9{\nvertical-align:top;\n}\n.responsive #top #wrap_all .flex_cell.av-av_cell_one_half-5227a743201b625eadc00b27db60eab9{\npadding:30px 30px 30px 30px !important;\n}\n<\/style>\n<div class='flex_cell av-av_cell_one_half-5227a743201b625eadc00b27db60eab9 av-gridrow-cell av_one_half no_margin  avia-builder-el-12  el_before_av_cell_one_half  avia-builder-el-first '  ><div class='flex_cell_inner'><section  class='av_textblock_section av-av_textblock-0366cc7376be6c9e82a3e9cc8987b64f '   itemscope=\"itemscope\" itemtype=\"https:\/\/schema.org\/CreativeWork\" ><div class='avia_textblock'  itemprop=\"text\" ><h2><span style=\"font-size: 12pt;\"><strong>D\u00e9lai de nettoyage<\/strong><\/span><\/h2>\n<p><span style=\"font-size: 12pt;\"><strong>Graffiti racial ou haineux<\/strong> : dans les 2 heures qui suivent la notification.<\/span><\/p>\n<p><span style=\"font-size: 12pt;\"><strong>Signaler un graffiti <\/strong>: dans les 36 heures qui suivent l\u2019approbation du projet.<\/span><\/p>\n<p><span style=\"font-size: 12pt;\"><strong>Identifi\u00e9 par les patrouilles Ever-Clean<\/strong> : imm\u00e9diatement.<\/span><\/p>\n<p><span style=\"font-size: 12pt;\"><strong>Identifi\u00e9 par les patrouilles du Sentinelle <\/strong>: dans les 48 heures qui suivent l\u2019approbation du projet.<\/span><\/p>\n<p><span style=\"font-size: 12pt;\">La r\u00e8gle de base de Goodbye Graffiti\u2122 est, et a toujours \u00e9t\u00e9, de nettoyer gratuitement les graffitis \u00e0 caract\u00e8re raciste ou haineux dans notre zone d\u2019op\u00e9rations. Cela comprend les fa\u00e7ades des biens publics. C\u2019est pour nous un excellent moyen de contribuer \u00e0 la communaut\u00e9 qui nous a support\u00e9 jusqu\u2019\u00e0 maintenant.<\/span> <\/p>\n<\/div><\/section>\n<\/div><\/div>\n<style type=\"text\/css\" data-created_by=\"avia_inline_auto\" id=\"style-css-av-av_cell_one_half-5227a743201b625eadc00b27db60eab9\">\n.flex_cell.av-av_cell_one_half-5227a743201b625eadc00b27db60eab9{\nvertical-align:top;\n}\n.responsive #top #wrap_all .flex_cell.av-av_cell_one_half-5227a743201b625eadc00b27db60eab9{\npadding:30px 30px 30px 30px !important;\n}\n<\/style>\n<div class='flex_cell av-av_cell_one_half-5227a743201b625eadc00b27db60eab9 av-gridrow-cell av_one_half no_margin  avia-builder-el-14  el_after_av_cell_one_half  avia-builder-el-last '  ><div class='flex_cell_inner'><section  class='av_textblock_section av-av_textblock-0366cc7376be6c9e82a3e9cc8987b64f '   itemscope=\"itemscope\" itemtype=\"https:\/\/schema.org\/CreativeWork\" ><div class='avia_textblock'  itemprop=\"text\" ><h2><span style=\"font-size: 12pt;\"><strong>Gamme de produits d\u2019enl\u00e8vement de graffitis<\/strong><\/span><\/h2>\n<p><span style=\"font-size: 12pt;\">Nos produits d\u2019enl\u00e8vement de graffitis sont fabriqu\u00e9s sur mesure et nous permettent de nettoyer quasiment tout type de marque, peu importe la surface. Notre exp\u00e9rience consid\u00e9rable nous a permis de d\u00e9velopper la gamme de produits d\u2019enl\u00e8vement de graffitis la plus compl\u00e8te au monde. Ces produits sont utilis\u00e9s par nos Techniciens en graffiti certifi\u00e9s, qui ont suivi un programme de formation intensive de 2 semaines.<\/span><\/p>\n<p><span style=\"font-size: 12pt;\">Ils ont \u00e9t\u00e9 form\u00e9s \u00e0 identifier plus de 75 types de surfaces et 50 types de marqueurs. Consid\u00e9rant ces informations, nous s\u00e9lectionnons toujours un Technicien en graffiti qui soit comp\u00e9tent avant de commencer un processus de nettoyage. Tous nos produits sont faits au Canada, sont respectueux de l\u2019environnement et satisfont ou exc\u00e8dent les normes environnementales f\u00e9d\u00e9rale, provinciale et municipale.<\/span> <\/p>\n<\/div><\/section>\n<\/div><\/div><\/div><div id='after_grid_row_2'  class='main_color av_default_container_wrap container_wrap fullsize'  ><div class='container av-section-cont-open' ><div class='template-page content  av-content-full alpha units'><div class='post-entry post-entry-type-page post-entry-704'><div class='entry-content-wrapper clearfix'><section  class='av_textblock_section av-av_textblock-0366cc7376be6c9e82a3e9cc8987b64f '   itemscope=\"itemscope\" itemtype=\"https:\/\/schema.org\/CreativeWork\" ><div class='avia_textblock'  itemprop=\"text\" ><h2><span style=\"font-size: 12pt;\"><strong>Le War Wagon\u2122<\/strong><\/span><\/h2>\n<p><span style=\"font-size: 12pt;\">Nos War Wagons\u2122 enti\u00e8rement \u00e9quip\u00e9s permettent \u00e0 nos Techniciens en graffiti d\u2019avoir tous les produits et \u00e9quipements n\u00e9cessaires \u00e0 port\u00e9e de main pour enlever les graffitis sur-le-champ.<\/span> <\/p>\n<\/div><\/section><\/p>\n","protected":false},"excerpt":{"rendered":"","protected":false},"author":1,"featured_media":0,"parent":0,"menu_order":0,"comment_status":"closed","ping_status":"closed","template":"","meta":[],"_links":{"self":[{"href":"https:\/\/goodbyegraffiti.com\/french\/wp-json\/wp\/v2\/pages\/704"}],"collection":[{"href":"https:\/\/goodbyegraffiti.com\/french\/wp-json\/wp\/v2\/pages"}],"about":[{"href":"https:\/\/goodbyegraffiti.com\/french\/wp-json\/wp\/v2\/types\/page"}],"author":[{"embeddable":true,"href":"https:\/\/goodbyegraffiti.com\/french\/wp-json\/wp\/v2\/users\/1"}],"replies":[{"embeddable":true,"href":"https:\/\/goodbyegraffiti.com\/french\/wp-json\/wp\/v2\/comments?post=704"}],"version-history":[{"count":18,"href":"https:\/\/goodbyegraffiti.com\/french\/wp-json\/wp\/v2\/pages\/704\/revisions"}],"predecessor-version":[{"id":788,"href":"https:\/\/goodbyegraffiti.com\/french\/wp-json\/wp\/v2\/pages\/704\/revisions\/788"}],"wp:attachment":[{"href":"https:\/\/goodbyegraffiti.com\/french\/wp-json\/wp\/v2\/media?parent=704"}],"curies":[{"name":"wp","href":"https:\/\/api.w.org\/{rel}","templated":true}]}}