{"id":711,"date":"2015-12-08T12:36:16","date_gmt":"2015-12-08T20:36:16","guid":{"rendered":"http:\/\/goodbyegraffiti.com\/french\/?page_id=711"},"modified":"2015-12-14T12:44:20","modified_gmt":"2015-12-14T20:44:20","slug":"request-a-free-estimate","status":"publish","type":"page","link":"https:\/\/goodbyegraffiti.com\/french\/request-a-free-estimate\/","title":{"rendered":"Demander une estimation gratuite"},"content":{"rendered":"<section  class='av_textblock_section av-av_textblock-0366cc7376be6c9e82a3e9cc8987b64f '   itemscope=\"itemscope\" itemtype=\"https:\/\/schema.org\/CreativeWork\" ><div class='avia_textblock'  itemprop=\"text\" >\n<div class=\"wpcf7 no-js\" id=\"wpcf7-f671-o1\" lang=\"en-US\" dir=\"ltr\">\n<div class=\"screen-reader-response\"><p role=\"status\" aria-live=\"polite\" aria-atomic=\"true\"><\/p> <ul><\/ul><\/div>\n<form action=\"\/french\/wp-json\/wp\/v2\/pages\/711#wpcf7-f671-o1\" method=\"post\" class=\"wpcf7-form init\" aria-label=\"Contact form\" novalidate=\"novalidate\" data-status=\"init\">\n<div style=\"display: none;\">\n<input type=\"hidden\" name=\"_wpcf7\" value=\"671\" \/>\n<input type=\"hidden\" name=\"_wpcf7_version\" value=\"5.7.4\" \/>\n<input type=\"hidden\" name=\"_wpcf7_locale\" value=\"en_US\" \/>\n<input type=\"hidden\" name=\"_wpcf7_unit_tag\" value=\"wpcf7-f671-o1\" \/>\n<input type=\"hidden\" name=\"_wpcf7_container_post\" value=\"0\" \/>\n<input type=\"hidden\" name=\"_wpcf7_posted_data_hash\" value=\"\" \/>\n<\/div>\n<table width=\"100%\" border=\"1\">\n\t<tr>\n\t\t<td width=\"400px\">\n\t\t\t<p><b>COMPANY INFORMATION<\/b>\n\t\t\t<\/p>\n\t\t\t<p>Nom de la compagnie: <span class=\"wpcf7-form-control-wrap\" data-name=\"companyname\"><input size=\"40\" class=\"wpcf7-form-control wpcf7-text\" aria-invalid=\"false\" value=\"\" type=\"text\" name=\"companyname\" \/><\/span><br \/>\nAdresse : <span class=\"wpcf7-form-control-wrap\" data-name=\"address\"><input size=\"40\" class=\"wpcf7-form-control wpcf7-text\" aria-invalid=\"false\" value=\"\" type=\"text\" name=\"address\" \/><\/span><br \/>\nVille : <span class=\"wpcf7-form-control-wrap\" data-name=\"city\"><input size=\"40\" class=\"wpcf7-form-control wpcf7-text\" aria-invalid=\"false\" value=\"\" type=\"text\" name=\"city\" \/><\/span><br \/>\nProvince : <span class=\"wpcf7-form-control-wrap\" data-name=\"province\"><input size=\"40\" class=\"wpcf7-form-control wpcf7-text\" aria-invalid=\"false\" value=\"\" type=\"text\" name=\"province\" \/><\/span><br \/>\nPays : <span class=\"wpcf7-form-control-wrap\" data-name=\"country\"><input size=\"40\" class=\"wpcf7-form-control wpcf7-text\" aria-invalid=\"false\" value=\"\" type=\"text\" name=\"country\" \/><\/span><br \/>\nNom du contact : <span class=\"wpcf7-form-control-wrap\" data-name=\"contactname\"><input size=\"40\" class=\"wpcf7-form-control wpcf7-text\" aria-invalid=\"false\" value=\"\" type=\"text\" name=\"contactname\" \/><\/span><br \/>\nT\u00e9l\u00e9phone : <span class=\"wpcf7-form-control-wrap\" data-name=\"phone\"><input size=\"40\" class=\"wpcf7-form-control wpcf7-text wpcf7-tel wpcf7-validates-as-tel\" aria-invalid=\"false\" value=\"\" type=\"tel\" name=\"phone\" \/><\/span><br \/>\nFax : <span class=\"wpcf7-form-control-wrap\" data-name=\"fax\"><input size=\"40\" class=\"wpcf7-form-control wpcf7-text wpcf7-tel wpcf7-validates-as-tel\" aria-invalid=\"false\" value=\"\" type=\"tel\" name=\"fax\" \/><\/span><br \/>\nC\u00e9llulaire : <span class=\"wpcf7-form-control-wrap\" data-name=\"cellular\"><input size=\"40\" class=\"wpcf7-form-control wpcf7-text wpcf7-tel wpcf7-validates-as-tel\" aria-invalid=\"false\" value=\"\" type=\"tel\" name=\"cellular\" \/><\/span><br \/>\nCourriel : <span class=\"wpcf7-form-control-wrap\" data-name=\"emailaddress\"><input size=\"40\" class=\"wpcf7-form-control wpcf7-text wpcf7-email wpcf7-validates-as-email\" aria-invalid=\"false\" value=\"\" type=\"email\" name=\"emailaddress\" \/><\/span>\n\t\t\t<\/p>\n\t\t<\/td>\n\t\t<td>\n\t\t\t<p><b>INFORMATION LOCALE<\/b>\n\t\t\t<\/p>\n\t\t\t<p>Adresse du b\u00e2timent avec le graffiti : <span class=\"wpcf7-form-control-wrap\" data-name=\"BuildingAddressofgraffiti\"><input size=\"40\" class=\"wpcf7-form-control wpcf7-text\" aria-invalid=\"false\" value=\"\" type=\"text\" name=\"BuildingAddressofgraffiti\" \/><\/span><br \/>\nNouveau client : <span class=\"wpcf7-form-control-wrap\" data-name=\"NewCustomer\"><span class=\"wpcf7-form-control wpcf7-radio\"><span class=\"wpcf7-list-item first\"><input type=\"radio\" name=\"NewCustomer\" value=\"Oui\" \/><span class=\"wpcf7-list-item-label\">Oui<\/span><\/span><span class=\"wpcf7-list-item last\"><input type=\"radio\" name=\"NewCustomer\" value=\"Non\" \/><span class=\"wpcf7-list-item-label\">Non<\/span><\/span><\/span><\/span>\n\t\t\t<\/p>\n\t\t\t<p>Estimation pour tous les graffitis pr\u00e9sents ? <span class=\"wpcf7-form-control-wrap\" data-name=\"Pleasequoteonallgraffitifoundonsite\"><span class=\"wpcf7-form-control wpcf7-radio\"><span class=\"wpcf7-list-item first\"><input type=\"radio\" name=\"Pleasequoteonallgraffitifoundonsite\" value=\"Yes\" \/><span class=\"wpcf7-list-item-label\">Yes<\/span><\/span><span class=\"wpcf7-list-item last\"><input type=\"radio\" name=\"Pleasequoteonallgraffitifoundonsite\" value=\"Non\" \/><span class=\"wpcf7-list-item-label\">Non<\/span><\/span><\/span><\/span>\n\t\t\t<\/p>\n\t\t\t<p>Envoyez-moi l'estimation par : <span class=\"wpcf7-form-control-wrap\" data-name=\"Pleasesendmeestimatevia\"><span class=\"wpcf7-form-control wpcf7-checkbox\"><span class=\"wpcf7-list-item first\"><input type=\"checkbox\" name=\"Pleasesendmeestimatevia[]\" value=\"Courriel\" \/><span class=\"wpcf7-list-item-label\">Courriel<\/span><\/span><span class=\"wpcf7-list-item last\"><input type=\"checkbox\" name=\"Pleasesendmeestimatevia[]\" value=\"Fax\" \/><span class=\"wpcf7-list-item-label\">Fax<\/span><\/span><\/span><\/span>\n\t\t\t<\/p>\n\t\t\t<p>Appelez-moi imm\u00e9diatement \u00e0 propos de cette estimation : <span class=\"wpcf7-form-control-wrap\" data-name=\"Callmeimmediatelyaboutthisestimate:\"><span class=\"wpcf7-form-control wpcf7-radio\"><span class=\"wpcf7-list-item first\"><input type=\"radio\" name=\"Callmeimmediatelyaboutthisestimate:\" value=\"Oui\" \/><span class=\"wpcf7-list-item-label\">Oui<\/span><\/span><span class=\"wpcf7-list-item last\"><input type=\"radio\" name=\"Callmeimmediatelyaboutthisestimate:\" value=\"Non\" \/><span class=\"wpcf7-list-item-label\">Non<\/span><\/span><\/span><\/span>\n\t\t\t<\/p>\n\t\t\t<p>Besoin d'une estimation en urgence (en moins de 24h) : <span class=\"wpcf7-form-control-wrap\" data-name=\"EmergencyEstimateNeededwithin24hrs\"><span class=\"wpcf7-form-control wpcf7-radio\"><span class=\"wpcf7-list-item first\"><input type=\"radio\" name=\"EmergencyEstimateNeededwithin24hrs\" value=\"Oui\" \/><span class=\"wpcf7-list-item-label\">Oui<\/span><\/span><span class=\"wpcf7-list-item last\"><input type=\"radio\" name=\"EmergencyEstimateNeededwithin24hrs\" value=\"Non\" \/><span class=\"wpcf7-list-item-label\">Non<\/span><\/span><\/span><\/span>\n\t\t\t<\/p>\n\t\t\t<p>Veuillez effectuer l'enl\u00e8vement de graffiti(s) si l'estimation est moins de : <span class=\"wpcf7-form-control-wrap\" data-name=\"Pleaseproceedwiththisjobiftheestimateislessthan\"><select class=\"wpcf7-form-control wpcf7-select\" aria-invalid=\"false\" name=\"Pleaseproceedwiththisjobiftheestimateislessthan\"><option value=\"Choose price point\">Choose price point<\/option><option value=\"$500\">$500<\/option><option value=\"$1000\">$1000<\/option><option value=\"$2000\">$2000<\/option><option value=\"$5000\">$5000<\/option><option value=\"$10000\">$10000<\/option><option value=\"$25000\">$25000<\/option><\/select><\/span>\n\t\t\t<\/p>\n\t\t\t<p>#BP: <span class=\"wpcf7-form-control-wrap\" data-name=\"po\"><input size=\"40\" class=\"wpcf7-form-control wpcf7-text\" aria-invalid=\"false\" value=\"\" type=\"text\" name=\"po\" \/><\/span><br \/>\nNom: <span class=\"wpcf7-form-control-wrap\" data-name=\"name2\"><input size=\"40\" class=\"wpcf7-form-control wpcf7-text\" aria-invalid=\"false\" value=\"\" type=\"text\" name=\"name2\" \/><\/span>\n\t\t\t<\/p>\n\t\t\t<p>Je confirme que les informations fournies sont compl\u00e8tes et correctes, et que j'autorise Goodbye Graffiti\u2122 Inc. \u00e0 me contacter \u00e0 propos de l'estimation pour enl\u00e8vement de graffiti et la demande ci-dessus. <span class=\"wpcf7-form-control-wrap\" data-name=\"acceptance\"><span class=\"wpcf7-form-control wpcf7-acceptance\"><span class=\"wpcf7-list-item\"><input type=\"checkbox\" name=\"acceptance\" value=\"1\" checked=\"checked\" aria-invalid=\"false\" \/><\/span><\/span><\/span>\n\t\t\t<\/p>\n\t\t\t<p>Accord : <span class=\"wpcf7-form-control-wrap\" data-name=\"IAgree\"><span class=\"wpcf7-form-control wpcf7-radio\"><span class=\"wpcf7-list-item first\"><input type=\"radio\" name=\"IAgree\" value=\"Oui\" \/><span class=\"wpcf7-list-item-label\">Oui<\/span><\/span><span class=\"wpcf7-list-item last\"><input type=\"radio\" name=\"IAgree\" value=\"Non\" \/><span class=\"wpcf7-list-item-label\">Non<\/span><\/span><\/span><\/span>\n\t\t\t<\/p>\n\t\t\t<p><input class=\"wpcf7-form-control has-spinner wpcf7-submit\" type=\"submit\" value=\"Envoyer\" \/>\n\t\t\t<\/p>\n\t\t<\/td>\n\t<\/tr>\n<\/table><div class=\"wpcf7-response-output\" aria-hidden=\"true\"><\/div>\n<\/form>\n<\/div>\n\n<\/div><\/section>\n","protected":false},"excerpt":{"rendered":"","protected":false},"author":1,"featured_media":0,"parent":0,"menu_order":0,"comment_status":"closed","ping_status":"closed","template":"","meta":[],"_links":{"self":[{"href":"https:\/\/goodbyegraffiti.com\/french\/wp-json\/wp\/v2\/pages\/711"}],"collection":[{"href":"https:\/\/goodbyegraffiti.com\/french\/wp-json\/wp\/v2\/pages"}],"about":[{"href":"https:\/\/goodbyegraffiti.com\/french\/wp-json\/wp\/v2\/types\/page"}],"author":[{"embeddable":true,"href":"https:\/\/goodbyegraffiti.com\/french\/wp-json\/wp\/v2\/users\/1"}],"replies":[{"embeddable":true,"href":"https:\/\/goodbyegraffiti.com\/french\/wp-json\/wp\/v2\/comments?post=711"}],"version-history":[{"count":4,"href":"https:\/\/goodbyegraffiti.com\/french\/wp-json\/wp\/v2\/pages\/711\/revisions"}],"predecessor-version":[{"id":791,"href":"https:\/\/goodbyegraffiti.com\/french\/wp-json\/wp\/v2\/pages\/711\/revisions\/791"}],"wp:attachment":[{"href":"https:\/\/goodbyegraffiti.com\/french\/wp-json\/wp\/v2\/media?parent=711"}],"curies":[{"name":"wp","href":"https:\/\/api.w.org\/{rel}","templated":true}]}}